2 - 15*w - 76. What is z(19)?
0
Let z(v) = -10*v + 30. What is z(9)?
-60
Let t(k) = k**2 - 31*k + 59. Calculate t(29).
1
Let b(s) = 14*s**2 + 4*s - 2. Give b(1).
16
Let n(x) = x**2 + x - 43. What is n(0)?
-43
Let z(a) = -a**2 - 16*a + 389. Calculate z(13).
12
Let o(r) = -r**2 - 9*r - 3. Give o(-6).
15
Let i(n) = -n - 3. What is i(-1)?
-2
Let n(y) = y**2 + 11*y - 8. Determine n(-8).
-32
Let o(m) = -12*m - 3. What is o(-2)?
21
Let b(x) = -x**3 + 38*x**2 + 2*x - 78. Calculate b(38).
-2
Let w(l) = 17*l - 23. Determine w(1).
-6
Let g(r) = -4*r + 104. Give g(26).
0
Let a(z) = -4*z**3 - 19*z**2 + 10*z + 4. Calculate a(-5).
-21
Let c(u) = -u**3 - 8*u**2 - 8*u + 6. What is c(-6)?
-18
Let c(g) = 3*g - 27. Calculate c(7).
-6
Let t(p) = 6*p - 4. Determine t(-2).
-16
Let l(v) = -31*v + 273. Determine l(9).
-6
Let a(v) = 15*v**2 - v + 4. Give a(2).
62
Let j(i) = -i**2 - i + 24. What is j(8)?
-48
Let f(o) = 4*o - 161. Calculate f(41).
3
Let l(a) = 5*a**2 - a + 7. Calculate l(0).
7
Let q(k) = 14*k - 26. Determine q(2).
2
Let y(o) = o**2 - 28*o + 113. What is y(23)?
-2
Let c(h) = 6*h + 6. Determine c(-2).
-6
Let w(f) = f**3 - 62*f**2 + 479*f - 113. Calculate w(53).
-7
Let i(t) = t**2 + 9*t - 19. What is i(-14)?
51
Let w(s) = s**2 + 7*s - 3. Give w(-5).
-13
Let d(w) = 12*w - 65. Determine d(5).
-5
Let s(r) = r + 9. Determine s(17).
26
Let q(l) = 2*l + 30. Determine q(-14).
2
Let d(o) = -24*o - 119. What is d(-5)?
1
Let n(c) = c**3 - 2*c**2 - 6*c + 8. Calculate n(2).
-4
Let z(u) = -u**3 + 16*u**2 - 14*u - 22. Calculate z(15).
-7
Let t(m) = 28*m + 13. Give t(2).
69
Let j(w) = -w**2 - 15*w + 58. Give j(-18).
4
Let d(m) = -m**3 + 6*m**2 - 9*m. Determine d(4).
-4
Let f(g) = -10*g**3 - 3*g**2 + 7*g - 2. What is f(2)?
-80
Let x(t) = 7*t + 2. What is x(-11)?
-75
Let c(w) = -6*w**2 + 3*w. Determine c(2).
-18
Let w(j) = -4*j**3 + 4*j**2 - 3*j + 9. What is w(3)?
-72
Let b(c) = -c**3 + 11*c**2 - 11*c + 13. Calculate b(11).
-108
Let f(o) = -o**3 + 4*o**2 - o + 1. What is f(3)?
7
Let a(n) = 4*n**2 + 1. Calculate a(-1).
5
Let p(g) = -10*g + 4. Determine p(-5).
54
Let i(m) = m + 26. Calculate i(-29).
-3
Let b(d) = -13*d + 3. Calculate b(2).
-23
Let b(n) = 5*n**2 + 12*n + 7. Give b(-3).
16
Let h(w) = -w**3 - 10*w**2 + 11*w + 4. Calculate h(-11).
4
Let d(o) = -o**3 + 7*o**2 + 7*o - 3. Calculate d(8).
-11
Let l(k) = 9*k**2 + k + 2. Give l(-3).
80
Let m(b) = 2*b**2 + 4*b - 17. What is m(-5)?
13
Let u(r) = -23*r - 358. What is u(-16)?
10
Let p(a) = 2*a**3 - 20*a**2 - 2*a + 15. Calculate p(10).
-5
Let q(y) = y**3 + 5*y**2 - 4. Determine q(-2).
8
Let c(b) = b**2 - 26*b + 14. Determine c(23).
-55
Let r(d) = -d**3 - 7*d**2 - 2*d - 10. Give r(-7).
4
Let c(a) = a**2 + a + 15. Give c(0).
15
Let h(g) = 5*g - 7. Give h(-2).
-17
Let d(u) = -6*u + 115. Determine d(11).
49
Let d(r) = 2*r**3 + 4*r**2 - 3*r + 1. Determine d(3).
82
Let u(a) = -a**2 - 2*a + 12. What is u(5)?
-23
Let x(n) = n**3 + 5*n**2 - 7. Give x(-2).
5
Let i(j) = -j**2 - 3*j - 6. Determine i(-6).
-24
Let l(z) = -z**2 - 7*z + 14. What is l(-11)?
-30
Let z(m) = -m**3 + 8*m**2 + 4*m - 1. What is z(8)?
31
Let q(t) = -17*t + 6. Determine q(-5).
91
Let v(y) = 4*y + 19. What is v(-13)?
-33
Let m(x) = -x**2 + 20*x + 34. Calculate m(21).
13
Let m(p) = p**2 - 15*p - 42. Give m(17).
-8
Let t(m) = -m**3 - 4*m**2 - m - 2. Give t(-4).
2
Let h(n) = -n - 9. Give h(2).
-11
Let r(j) = -j**2 - 6*j + 17. What is r(-14)?
-95
Let z(g) = -g + 7. Determine z(12).
-5
Let w(z) = -z**3 + 13*z**2 - 41*z - 15. Give w(7).
-8
Let s(z) = -5*z**2 - 234*z + 76. Calculate s(-47).
29
Let z(c) = c**3 - 3*c**2 - 29*c + 29. Calculate z(7).
22
Let g(l) = l**3 - 13*l**2 + 10*l. Determine g(12).
-24
Let z(v) = -12*v**2 + 2*v - 7. Give z(3).
-109
Let l(c) = -c**3 - c**2 - 5*c - 1. Calculate l(-4).
67
Let b(z) = z**3 + 5*z**2 + 3*z + 4. Give b(-2).
10
Let d(w) = -16*w - 4. Give d(2).
-36
Let h(t) = t + 17. Give h(-12).
5
Let m(o) = 14*o**2 - 71*o + 6. Give m(5).
1
Let f(h) = 26*h - 630. Give f(24).
-6
Let b(k) = -k**3 - 6*k**2 - 2*k - 4. Calculate b(-5).
-19
Let a(v) = -3*v**2 - 37*v + 22. Determine a(-13).
-4
Let f(u) = -u**2 + 6*u - 16. What is f(9)?
-43
Let b(g) = g - 12. What is b(9)?
-3
Let p(g) = 7*g - 22. Give p(6).
20
Let l(v) = -v**2 - 13*v - 13. Give l(-11).
9
Let r(t) = -t**2 + 11*t - 1. What is r(11)?
-1
Let x(s) = -7*s + 3. What is x(5)?
-32
Let a(t) = -t**3 + 10*t**2 - 6*t + 11. Determine a(10).
-49
Let a(y) = y - 11. Give a(7).
-4
Let y(b) = -4*b**2 + 2*b + 1. Calculate y(3).
-29
Let b(q) = -q**2 - 12*q. Determine b(-9).
27
Let n(c) = -c**3 + 6*c**2 + 18*c - 20. Calculate n(8).
-4
Let t(q) = q + 3. Calculate t(5).
8
Let m(y) = -y - 70. Give m(-23).
-47
Let y(j) = -j**3 - 9*j**2 - 2*j - 7. What is y(-9)?
11
Let b(o) = -2*o**3 + 14*o**2 - 7*o + 15. Determine b(6).
45
Let y(p) = p + 2. Give y(-10).
-8
Let v(i) = -i**3 - 27*i**2 - 27*i - 37. Calculate v(-26).
-11
Let z(a) = -13*a - 2. Calculate z(3).
-41
Let s(x) = x**2 - 25*x + 57. Calculate s(20).
-43
Let v(r) = 7*r**3 + 2*r**2 + 3*r + 5. What is v(-2)?
-49
Let b(p) = -p**2 + 18*p - 65. Determine b(12).
7
Let y(o) = o**3 + 2*o**2 - 11*o - 7. Calculate y(-4).
5
Let c(n) = -2*n**2 + 45*n + 66. What is c(24)?
-6
Let s(i) = -i**2 - 15*i + 16. Determine s(-13).
42
Let j(o) = o**3 - 2*o**2 - 3*o + 7. Calculate j(5).
67
Let a(z) = -3*z - 60. Determine a(-23).
9
Let k(a) = -36*a**3 - a**2 + a. What is k(1)?
-36
Let v(l) = l - 15. Determine v(-13).
-28
Let t(s) = 16*s**3 - 2*s**2 + s - 1. Give t(1).
14
Let v(j) = -3*j**3 + j**2 - j + 1. Give v(-2).
31
Let p(w) = w**3 + 13*w**2 + 14*w + 29. What is p(-12)?
5
Let j(a) = -78*a - 400. Determine j(-5).
-10
Let w(x) = -x**2 + 34*x + 241. Calculate w(40).
1
Let c(u) = -9*u - 95. Determine c(-15).
40
Let l(g) = g**3 + 9*g**2 - 3*g - 21. Calculate l(-9).
6
Let t(y) = y**2 + 2*y. Give t(-4).
8
Let f(n) = n**2 - 15*n + 7. What is f(15)?
7
Let o(q) = q**2 + 8*q + 25. Give o(-7).
18
Let t(q) = -q**2 + 26*q + 28. Give t(28).
-28
Let u(p) = p**3 + p**2 - 83. What is u(0)?
-83
Let q(t) = 2*t**2 + 75*t - 50. Determine q(-39).
67
Let u(d) = 2*d**3 - 2*d**2 - 10*d + 1. Calculate u(4).
57
Let s(n) = n**3 - 6*n**2 + 7*n - 2. Determine s(5).
8
Let v(f) = f**2 + 27*f + 23. What is v(-26)?
-3
Let j(y) = y**2 + y - 31. Give j(-6).
-1
Let p(h) = 3*h + 17. Calculate p(-5).
2
Let a(y) = -y**2 - y + 9. What is a(0)?
9
Let n(t) = -29*t**2 - 3*t - 2. What is n(-1)?
-28
Let p(n) = -n**2 + 20*n + 15. Give p(15).
90
Let c(w) = 2*w**2 - 24*w + 37. Determine c(11).
15
Let b(k) = -44*k - 153. Give b(-4).
23
Let r(y) = y**3 + 9*y**2 + y - 26. What is r(-7)?
65
Let q(i) = -i**2 - 11*i + 6. Determine q(-12).
-6
Let l(r) = r**3 - 1. Calculate l(0).
-1
Let a(g) = -4*g + 63. Calculate a(15).
3
Let i(v) = -v**2 - 7*v + 10. What is i(-7)?
10
Let m(d) = -d**3 + 9*d**2 - 8*d - 10. Calculate m(8).
-10
Let j(p) = -p**2 + 6*p + 99. Give j(0).
99
Let g(z) = -2*z - 4. What is g(-5)?
6
Let h(b) = -b**2 - 18*b + 46. Calculate h(-21).
-17
Let i(g) = 8*g - 3. Determine i(-1).
-11
Let x(a) = 7*a + 1. Give x(5).
36
Let y(w) = -12*w**3 + 2*w**2 - 3*w + 2. Determine y(1).
-11
Let b(k) = -k + 22. What is b(-6)?
28
Let l(g) = -g**3 - 8*g**2 - 8*g + 6. What is l(-7)?
13
Let r(i) = 21*i - 11. Give r(0).
-11
Let q(a) = -3*a**2 + 3*a + 5. Calculate q(-3).
-31
Let s(w) = 13*w + 128. Determine s(-9).
11
Let j(r) = -6*r**2 + 30*r + 40. Give j(6).
4
Let v(p) = p**2 + 4*p + 5. Give v(-2).
1
Let h(b) = -17*b**3 - b. Give h(-1).
18
Let d(h) = -14*h**2 - h + 4. Give d(-2).
-50
Let a(r) = 2*r**3 - 4*r**2 + 2*r + 1. Determine a(2).
5
Let i(o) = 2*o + 3. Determine i(-3).
-3
Let x(t) = -13*t - 38. Determine x(-5).
27
Let s(v) = -5*v - 2. Give s(2).
-12
Let m(p) = -4*p - 56. Determine m(-8).
-24
Let s(w) = 57*w + 3. Determine s(1).
60
Let g(t) = t**3 + 13*t**2 - 15*t + 17. Determine g(-14).
31
Let f(z) = z**3 + 17*z**2 + 4*z + 62. Calculate f(-17).
-6
Let m(v) = -v**2 + 4*v + 9. Determine m(5).
4
Let m(v) = -11*v - 69. What is m(-6)?
-3
Let u(l) = -l**3 - 7*l**2 + 5*l + 4. Determine u(-8).
28
Let h(q) = 2*q + 42. Determine h(-20).
2
Let s(t) = 7*t - 111. Give s(15).
-6
Let l(o) = -o**2 + 7*o. Determine l(11).
-44
Let a(q) = q**2 - 9*q - 16. What is a(12)?
20
Let i(l) = -l**2 - l - 32. Calculate i(0).
-32
Let q(i) = 2*i + 13. Calculate q(-6